 - 2*g + g - 204. List the prime factors of -1 + 0 - (o - -22).
7, 11
Let d be (8 + -5)*(-3)/(-3). Suppose 0 = d*q - 5*q + 32. List the prime factors of q.
2
Let k = 116 + 891. What are the prime factors of k?
19, 53
Let u = 15 - 10. Suppose -4 = u*t + 6. List the prime factors of (-80)/t - (3 + -1).
2, 19
Suppose 16*j - 3665 = -1281. What are the prime factors of j?
149
Let p(c) = c**2 - 3*c + 4. Let j be p(3). Let h = j - -12. Suppose 10*z = 6*z + h. List the prime factors of z.
2
Suppose n = 12 - 0. Let x(v) = -4*v - 77. Let z be x(-27). Let w = z - n. What are the prime factors of w?
19
Let c = -4933 - -7348. List the prime factors of c.
3, 5, 7, 23
Let v = 0 + 7. Suppose 0 = -a - v + 62. Let s = 77 - a. What are the prime factors of s?
2, 11
Suppose -y = -0*y - 3*d + 8, -4*y = -d - 12. Suppose -4*p = -3*a - 921, -y*p + 461 = -2*a - 457. What are the prime factors of p?
2, 3, 19
Suppose 0 = 5*j - 2399 - 1836. What are the prime factors of j?
7, 11
Let n(x) = -x**3 + 8*x**2 - 2*x + 8. Let g be n(4). Let z be 6/(-18) - g/6. Let i = z - -45. List the prime factors of i.
2, 17
Let n(o) be the second derivative of -3*o**5/4 + o**2/2 + o. Let t be n(-1). What are the prime factors of -1 + 1*t - -1?
2
Suppose 36*h - 775 = 31*h. Let r = 18 + h. What are the prime factors of r?
173
Let d be (16/(-24))/(2/(-39)). Suppose 0*j = 2*j + 12. Let k = j + d. List the prime factors of k.
7
Let g(z) be the second derivative of -z**5/20 - 11*z**4/12 - 4*z**3/3 + 5*z**2/2 - 18*z. What are the prime factors of g(-11)?
3, 31
Let v(y) = -7*y + 18. Let u be v(0). Suppose -4*f + 5*d - 42 = 0, -5*d = -5*f + 2*f - 34. Let s = u + f. List the prime factors of s.
2, 5
Let z be ((-14)/(-4))/((-8)/(-16)). Suppose z*m - 29 - 27 = 0. Let l = 17 - m. What are the prime factors of l?
3
Suppose -3*d + 2*d - 195 = -a, 0 = -2*a + 4*d + 388. Let f = a + -51. List the prime factors of f.
5, 29
Let l be (-1)/(3*(-3)/(-882)). Let s = l - -208. List the prime factors of s.
2, 5, 11
Let i(q) = 11*q**3 - q + 4. Let z be i(2). Suppose -4*t - 12 = 0, 2*t - z = -4*a - 0*t. What are the prime factors of a?
2, 3
Let v(t) = 2*t**3 - 36*t**2 + 44*t + 12. List the prime factors of v(18).
2, 3, 67
Let r = -587 + 2203. List the prime factors of 2/35*7 - r/(-10).
2, 3
Let t(i) = 49*i**2 + 5*i + 4. Let k be t(-1). Suppose -k*h + 45*h = -213. What are the prime factors of h?
71
Let d(n) = -n**2 + 5*n + 6. Let x be d(6). Suppose -c - 59 + 155 = x. List the prime factors of c.
2, 3
Let u be 7 + (3 - (5 - -1)). Suppose 0 = 5*j + w - 216, -213 = -u*j + w - 42. What are the prime factors of j?
43
Let f = 1315 + -685. What are the prime factors of f?
2, 3, 5, 7
Let j be (-2*3)/(2/(-20)). Suppose -512 = -4*c - j. What are the prime factors of c?
113
Let u = 0 - 0. Suppose 7*k - 4*k - 9 = u. Let h(q) = 14*q + 3. What are the prime factors of h(k)?
3, 5
Let o(q) = 32*q - 1. Let w be o(1). Let g = -29 + w. List the prime factors of g.
2
Let h = -547 - -797. Suppose 0 = -c + 3*c + 8, 5*j - h = 5*c. What are the prime factors of j?
2, 23
Suppose 0 = -269*r + 270*r - 4904. What are the prime factors of r?
2, 613
Let w(r) = 273*r - 245. What are the prime factors of w(5)?
2, 5, 7
Suppose 1911 = 5*b - 2654. What are the prime factors of b?
11, 83
Suppose 0 = -4*v, 2*g = -0*g + 3*v - 4. What are the prime factors of (-5 - -2)/(g/14)?
3, 7
Let c(w) = 2*w - 21. Let a be c(12). Suppose a*y = g - 11 - 37, 2*g - 121 = y. List the prime factors of g.
3, 7
Suppose 0 = 2*t - y + 7, -13*t = -10*t + 4*y - 6. Let c = -5 - -2. What are the prime factors of t/(0 + c/78)?
2, 13
Let i be -2*9/(-4)*6. Suppose 162 = 3*r - i. List the prime factors of r.
3, 7
Let l be ((-10)/2)/(-1)*(-1 + 0). Let o(a) = -1 + a + a + 4 + a**2. List the prime factors of o(l).
2, 3
Suppose -4*h + 0 = 40. What are the prime factors of 29/(h/(-8) + -1) + -3?
113
Let a = -284 - -163. Let p = -57 - a. What are the prime factors of p?
2
Let y(r) = 14*r**2 + 19*r**2 + 5*r - 50*r**2 + 7 + 21*r**2. What are the prime factors of y(-2)?
13
Suppose -4*z + 5*h + 30 = 0, 2*z - 9 - 9 = 4*h. Suppose -648 = -t - z*t. List the prime factors of t.
2, 3
Let j(i) = -i - 3. Let d be j(9). Let y be d/(-18) + 74/6. Let v = y - -25. What are the prime factors of v?
2, 19
Suppose -5*u - 1 = -2*z + 6, 3 = -2*z + 3*u. Let d = -15 - z. Let h(b) = -3*b + 23. What are the prime factors of h(d)?
41
Let r(w) = 299*w + 51. List the prime factors of r(3).
2, 3, 79
What are the prime factors of 69/(-2)*(-984)/36?
23, 41
Let s(j) = 3*j. Let h be s(-3). Let b(z) = -z**3 - 8*z**2 + 5*z + 5. What are the prime factors of b(h)?
41
Let p(v) = v - 5. Let f be p(7). What are the prime factors of 6/(-9)*(-453)/f?
151
Let l be ((-6)/4)/(18/(-24)). Suppose 5*v - 5*n = -l*n + 381, -v + 72 = -2*n. What are the prime factors of v?
2, 3, 13
Let f(q) = 330*q - 98. What are the prime factors of f(3)?
2, 223
Suppose 8*h - 50 = 3*h. Suppose -5*v + h = -0*v. Suppose v*a - 4*a - 273 = -5*j, -5*j + 4*a = -271. List the prime factors of j.
5, 11
Suppose 12078 = 7*q - 2230. What are the prime factors of q?
2, 7, 73
Let n(r) = 2*r**2 + 8*r - 4. Let v be n(-5). Suppose -v*f + 20 = -2*f. Let b = f - -33. List the prime factors of b.
2, 19
Suppose 0 = -6*h + h - 3*t + 16, 2*h + 2*t = 8. Suppose 71 = -h*w + 5*i, -3*i = -4*w - 2*i - 133. Let b = w - -61. What are the prime factors of b?
2, 7
Suppose -4*h + 61 = -23. Let a(y) = -y**2 - 7*y - 3. Let f be a(-6). Suppose f*v - 15 = h. What are the prime factors of v?
2, 3
Let o = 1059 - 14. What are the prime factors of o?
5, 11, 19
Suppose -3*x = -m - 296, 2*x - 7*x + 500 = -3*m. Let b = -64 + x. List the prime factors of b.
3, 11
Let n = -27 + 28. Let a = 1 - n. List the prime factors of a + (-32)/((-8)/4).
2
Let c(d) be the third derivative of 3*d**2 - 1/24*d**4 + 1/120*d**6 + 2/3*d**3 - 1/20*d**5 + 0*d + 0. What are the prime factors of c(4)?
2
Let a(m) = 2*m**3 + 6*m**2 + 10*m + 2. Let q = 13 - 19. Let f(s) = -s**3 - 3*s**2 - 5*s - 1. Let x(z) = q*a(z) - 11*f(z). List the prime factors of x(-4).
5, 7
Suppose 2*s - 1384 = -394. List the prime factors of s.
3, 5, 11
Let i(d) = 5*d**2 - 3*d - 5. Let z = 25 + -28. List the prime factors of i(z).
7
Let d = 63 - 56. Suppose -271 = -d*g + 1262. List the prime factors of g.
3, 73
Let m be 1484/13 + -1 + (-44)/(-52). Suppose 3*a + m = 4*a. List the prime factors of a.
2, 3, 19
Suppose -29*w + 5810 = -24*w. List the prime factors of w.
2, 7, 83
Suppose 0 = 9*f - 2186 - 3187. What are the prime factors of f?
3, 199
Suppose 0*q + 7*q = 21. Suppose 2*b = 5*p - 364, 0*p - q*b + 138 = 2*p. List the prime factors of p.
2, 3
Suppose 7*g = 2*g - 15. Let i = g + 7. Suppose -4*n = -3*y - 2*y + 89, y - 21 = i*n. What are the prime factors of y?
17
Suppose 0 = -5*j + 2*j + 306. Suppose 3*g - 6*g + j = 0. List the prime factors of g.
2, 17
Let s = 11 - -1110. List the prime factors of s.
19, 59
Let i(o) be the first derivative of 13*o**3/3 - 5*o**2/2 - 3*o - 19. List the prime factors of i(-4).
3, 5
Let b(u) = u**2 + 13*u - 7. Let m be b(-14). Suppose 3*a = 263 + m. What are the prime factors of a?
2, 3, 5
Suppose 1584 = 5*z - 421. Suppose 5*m - 2*q - 505 = 0, -m + 5*m - q = z. List the prime factors of m.
3, 11
Let s = -30 - -27. What are the prime factors of (-88)/(-2)*(66/(-8))/s?
11
Let q = 37 + -20. Suppose 3*a = -0*a + t + 9, 32 = 5*a + 4*t. Suppose a*b = 59 + q. What are the prime factors of b?
19
Suppose 5*i = -5, -4*d - 4*i = -6*i - 930. Suppose 4*p - d = -60. What are the prime factors of p?
43
Let f(g) = g**2 - 22*g - 41. What are the prime factors of f(31)?
2, 7, 17
Let q be (-1)/2 + 39/6. Suppose -q*b + 10 = -8. Suppose b*i = -2*i + 105. List the prime factors of i.
3, 7
List the prime factors of 688/(-20)*10/(-4) + 4.
2, 3, 5
Suppose 2*a - 5*d = -63, -a - d - 3*d = 51. Let v = 83 + a. What are the prime factors of v?
2, 11
Let s(c) = 4*c**2 + 3*c + 15. Suppose 10 = -2*y + z, -y - 5 = -3*z - 2*z. What are the prime factors of s(y)?
2, 5
Let i(r) = 5*r**2 - 9*r - 6. Let u(p) = -p**2 - p. Let d(g) = -i(g) - 4*u(g). Let k be (3 - (-8)/8) + 2/1. What are the prime factors of d(k)?
2, 3
Let d(w) = w**2 - 13*w - 6. Let n be d(13). Let o(h) = h**2 + 7*h + 9. Let y be o(n). Suppose -3*g + y = 3*q, 3*q - 6 = -5*g - q. List the